Let b(q) = 161*q - 815. Let f be b(5). Let z(k) = -k + 1. Let p(g) = 4*g - 7. Let x(a) = p(a) + 5*z(a). Calculate x(f).
8
Let n(m) = -m**2 + 3. Suppose 13*f - 221 = -208. Let t(v) be the second derivative of v**3/6 - v**2/2 + v. Let y be t(f). What is n(y)?
3
Let q(s) be the third derivative of s**6/120 + 2*s**5/15 + 3*s**4/8 + 2*s**3/3 + 17*s**2. Let g be (-80)/(-32)*(-3)/(-15)*-12. Determine q(g).
22
Let c(p) = 9*p**2 + 26*p + 12. Let w(s) = s**2 + 3*s + 5. Let z(g) = c(g) - 8*w(g). Determine z(4).
-4
Suppose -6*c + 23 + 7 = 0. Let k(o) be the third derivative of o**4/4 - 13*o**3/3 - 9*o**2. Let p be k(c). Let q(b) = b**3 - 4*b**2 + 3. Give q(p).
3
Let y(p) be the third derivative of 5*p**4/24 + 17*p**3/2 - 2*p**2. Let t = -207 - -196. Let r be y(t). Let o(u) = u**2 + 5*u - 4. Calculate o(r).
-8
Suppose -3*n - c + 14 = -0*n, -2*n + c + 6 = 0. Let h = -4 + n. Suppose 3*g = -h*i + i - 10, 5*g = i - 20. Let z(r) = r**2 + 5*r + 7. What is z(g)?
7
Let h = 2109 + -2108. Let n(v) = 31*v - 1. Calculate n(h).
30
Let o(w) = -w**2 - 9*w - 7. Let v(s) = s**2 - 16*s - 112. Let n be v(-5). What is o(n)?
7
Let d(x) = -x**3 + 15*x**2 - 41*x + 373. Suppose 33834*t - 33855*t + 294 = 0. Determine d(t).
-5
Let n(b) = -b**3 - 11*b**2 - b - 4. Let z(v) be the first derivative of 5*v**2 - 81*v + 107. Let s be z(7). Determine n(s).
7
Let k = -39 + 27. Let o be 100/30 + 2/3. Let d be o/3*k/(-4). Let h(m) = -m + 2. Determine h(d).
-2
Let c(z) be the first derivative of -z**4/4 + 32*z**3/3 - 14*z**2 - 100*z - 4335. Determine c(31).
-7
Let j(q) be the third derivative of -7*q**5/60 + q**4/24 - q**3/6 - 835*q**2. Give j(-1).
-9
Let k(x) = 8*x - 15. Suppose 0 = 2*u + j, 15*j - 14*j = -u - 2. What is k(u)?
1
Let u be (2/6 + 1)*18. Let f = u + -12. Let n(c) = -c + 10. Give n(f).
-2
Suppose 0 = -r + 2*v + 11, -37 = v - 36. Let a(y) = -3 - y + 15 + 0*y - 10. Determine a(r).
-7
Suppose -a - 21*r = -26*r - 14, 4*r - 8 = -4*a. Let l(q) be the third derivative of -q**3 + 1/120*q**6 + 1/24*q**a - q**2 + 0 - 1/60*q**5 + 0*q. Determine l(0).
-6
Let p be (2*1/(-8))/((-30)/360). Suppose -45 + p = 3*b - 3*g, -5*b + g - 58 = 0. Let h(i) = -i**2 - 10*i + 4. What is h(b)?
-7
Let s(w) = -44*w + 787610 - 16*w - 787431. Give s(3).
-1
Let s(m) = 27*m - 11. Let j(p) = -5*p + 2. Let o be (-10)/(-85) - (-4 + (-144)/(-68)). Let n(w) = o*s(w) + 11*j(w). Determine n(7).
-7
Let y(f) be the third derivative of 0 + 1/24*f**4 - 5/6*f**3 - 7*f**2 + 0*f. Suppose 0 = 3*w + s - 21, -3*w + 6 = 4*s - 24. Determine y(w).
1
Suppose -8*a + 24 = -4*t - 10*a, 5*a + 33 = -t. Let r(x) = -x**2 + 3*x + 3. Let c(w) = w**2 - 2*w - 2. Let n(v) = 3*c(v) + 2*r(v). Determine n(t).
9
Let r = -396 - -11. Let j = -378 - r. Let n(l) = 1. Let b(a) = -a + 1. Let d(z) = b(z) - 2*n(z). Calculate d(j).
-8
Let j(g) be the second derivative of -g**3/6 + 2*g**2 - 2*g. Let d(v) = -v**3 + 3*v**2 + 3. Let o be d(3). Let x be (7 - -2)/o - 0/(-11). Calculate j(x).
1
Let p(g) be the second derivative of g**3/3 + 3*g**2/2 + 8*g - 806. Suppose -5*t = -10*t. Suppose -i + 2*i - 6 = t. Calculate p(i).
15
Let f be ((-10)/4)/(1200/6240). Let g(r) = -12*r - 157. What is g(f)?
-1
Let u = -556 + 551. Let y(b) = -4*b**2 - 30*b - 9. Let i(k) = -5*k**2 - 35*k - 9. Let h(p) = u*i(p) + 6*y(p). Give h(5).
-9
Let y(a) be the second derivative of a**4/12 - 3*a**3 + 16*a**2 + 4*a + 4. Let p be y(16). Let s(k) = 2*k - 58 + 52 - k. Determine s(p).
-6
Suppose 148 = 5*r - 2*k - 199, 3*r - 209 = 2*k. Let j = 66 - r. Let m(z) = -z - z**2 + 0*z**2 - 12 + 2*z**2 + 8. Give m(j).
8
Let j(a) = -14*a**3 + 25*a**2 + 26*a - 1. Let k(v) = -15*v**3 + 20*v**2 + 21*v - 1. Let n(l) = 4*j(l) - 5*k(l). Determine n(1).
19
Let v(f) be the first derivative of -f**6/120 + f**5/30 - f**4/12 + 2*f**3/3 - 43*f**2/2 - 243. Let d(g) be the third derivative of v(g). Calculate d(4).
-34
Let f(q) be the second derivative of -q**3/3 + 43*q**2/2 - 2*q + 428. What is f(20)?
3
Suppose -2*s = 3*l - 4*s, -l - 5*s = 0. Suppose l = -6*c + 11*c. Let w(n) = -n + 12. Let g(z) = 1. Let k(y) = g(y) + w(y). Calculate k(c).
13
Suppose 3*t + 50*y - 46 = 54*y, 29 = 6*t + y. Let p(f) = -2*f - 9. Let a(o) = o + 1. Let c(g) = 3*a(g) + p(g). Determine c(t).
0
Let s(b) = -b - 1235 - 1233 - 9*b**2 + 2464 - b**3. Let t(f) = 3*f**2 - 2*f**3 + 0*f**3 + 0 - 1 - 2*f. Let h be t(2). Give s(h).
5
Suppose 6*q + 32 = 2*q. Let n(t) = -16*t**3 - 34*t**2 + 21*t + 13. Let v(h) = -5*h**3 - 11*h**2 + 7*h + 4. Let i(m) = -4*n(m) + 13*v(m). Calculate i(q).
8
Let n(x) be the second derivative of x**3/3 - 3*x**2 + 7*x. Let b(l) = 2 + 14 + 2 - l**2 - 8*l - 5. Let p be b(-9). What is n(p)?
2
Let x(p) = 0*p - 6 + 4*p**2 - 5*p**2 + 4*p. Suppose -89 = 6*t - 227. Suppose t = b + 19. Determine x(b).
-6
Let g(b) = 3*b**2 + 2*b - 1. Let c be (-1880)/(-12)*(-2 - (-7)/2). Let f = c + -234. What is g(f)?
4
Let c be (-3 - (-5 + 4))/2 - -4. Let i(j) = j - 2*j**c + 0*j**3 - j**3 - 3 + 2*j**3 - 8*j**2. Give i(-8).
-11
Suppose 1 = -f, -11*j = -9*j - 2*f - 26. Let u(p) = -21*p - 21*p**2 - 4*p**3 + 3*p**3 + 8 + j*p**2 + 16*p. Calculate u(-8).
-16
Let c(m) = m**2 - 12*m - 2. Let u(h) = 3*h + 2. Let j(f) = -c(f) - 2*u(f). Give j(5).
3
Let g be (-58)/(-14) - (-4)/(-140)*5. Suppose 2*d + 4*q = -0*q + 20, 14 = -d + g*q. Let a be (d + -5)/(6/(-4)). Let x(y) = -y**2 + 2*y - 2. Determine x(a).
-2
Let a(p) = 735043*p**2 - 8 + p - 13 - 735045*p**2 + p**3. Determine a(0).
-21
Let h(u) = -9*u + 59. Suppose -3*d = -c + 17, 5*d = 557*c - 558*c - 15. Calculate h(c).
14
Suppose 2*r = 3*s - 2*s + 4, -4*r + 6 = -s. Let o(l) = -553*l**2 + 3*l + 268*l**2 + 2*l - 6*l + 284*l**2 + 2. Determine o(s).
0
Let z be (539/(-154))/((-7)/10). Let c(g) = g**2 - 7*g + 11. Calculate c(z).
1
Let n be 3/(-4) - 84/16. Let s(u) = 83*u - 7. Let i(b) = 104*b - 8. Let m(l) = -4*i(l) + 5*s(l). Calculate m(n).
3
Suppose -70*h + 67*h + 15 = 0. Let c(s) = -s**3 + 6*s**2 - 3*s - 6. Let y be c(h). Let w(t) = t**3 - 4*t**2 - 5*t + 3. Determine w(y).
-17
Suppose 96 = 5*z - 3*d, -3*z + 57 + 21 = 5*d. Let g(c) = -z - 105*c + 7*c + 92*c. Determine g(-4).
3
Let q(y) = 2*y**2 - 4*y. Suppose -81*x + 72 = -171. What is q(x)?
6
Let w(z) = 2 + 9*z - 3*z + 5*z**2 - z**3 - 4. Suppose -490 = 44*d - 233*d + 644. Give w(d).
-2
Let w be 1/((1 - 0)/25). Let h(m) = 52*m - w*m - m**2 + 6 - 24*m. Let d be h(5). Let v(x) = -x - 4. Determine v(d).
0
Let p(j) be the third derivative of j**5/30 + 17*j**4/24 + 4*j**3/3 - 3061*j**2. Give p(-8).
0
Let a(s) = -s**3 - 4*s**2 - 5*s - 4. Let z(h) = 40*h - 157. Let n be z(6). Let v be (-15 + 3)/(6/(-40)). Let t = v - n. Determine a(t).
2
Let n(d) = -6*d + 81. Suppose -587 = 4*o - 631. Give n(o).
15
Let a be (-37)/(259/98) + (-1 - 2). Let z(u) = u + 12. Determine z(a).
-5
Let y be 410/(-20) + 9/2. Let x(f) = 10*f + 158. Determine x(y).
-2
Let n = 2418 + -2412. Let u(a) = -11*a**3 + 12*a**2 - a - 21. Let v(g) = -5*g**3 + 6*g**2 - 10. Let h(l) = 4*u(l) - 9*v(l). What is h(n)?
-18
Let o be (-18)/4*(-523 - -521). Let n(h) = -h**3 - h + 1. Let v(c) = -3*c**3 - 10*c**2 + 5*c + 9. Let l(a) = -4*n(a) + v(a). Give l(o).
5
Let x(t) = t**3 - 13*t**2 + 12*t + 11. Let n(h) = -h**2 + h + 1. Let b(u) = -n(u) + x(u). Let m = 58 - 47. Determine b(m).
10
Let j(n) = n**2 - 16*n + 8. Let o(c) = 4*c - 144. Let g be o(52). Suppose 5*t - 119 = -g. Calculate j(t).
-47
Let h = 3614 + -3617. Let i(d) = -2*d - 6 + 4 + 2*d - 5*d. What is i(h)?
13
Let f(i) be the first derivative of i**4/4 - 4*i**3 - 7*i**2 - 3*i - 771. Calculate f(13).
-16
Let x be (-3059)/(-92) - 40 - (-6)/8. Let m(d) = 7*d + 53. Calculate m(x).
11
Let b(n) = -6*n + 0*n + 7 - 1915*n**2 + 1914*n**2 - 5*n + 2*n. Give b(-9).
7
Let o(t) = -660*t**2 + 1319*t**2 - 660*t**2 + 6 + 28 - 5*t - 3*t. Give o(-11).
1
Let r(x) = x**3 - 2*x**2 - x + 1. Suppose 4*f = -2*h + 24, -12*f + 11*f + 20 = 4*h. Calculate r(f).
29
Let w be (6/(-24) - -1)*(2 - -6). Suppose -y = 5*y + w. Let c be ((-20)/8)/(4/(-8) - y). Let m(x) = -3*x - 7. Calculate m(c).
8
Let t(y) = -16*y**2 - 2*y - 2. Let h(f) = f**2 + 1. Let v(x) = -5*h(x) - t(x). Let a(b) = -31*b**2 - 5*b + 9. Let p(r) = 6*a(r) + 17*v(r). What is p(-2)?
-1
Let y(n) = -n**2 + 4. Let s(q) = -6*q**2 + 34. Let r be s(6). Let l = 185 + r. Give y(l).
-5
Let w(u) = 16*u - 9. Let d be w(1). Let r(s) = -4*s + s**2 +